 4)) + (-116 - -126)?
10
Evaluate 12 + (-8 - -3) + 1 - -3.
11
What is -20 - -16 - (-6 + 4 + 9)?
-11
What is the value of -22 + 9 - (38 + -33)?
-18
Calculate -16 + (17 - -24 - 22).
3
(-45 - -40) + (2 - 8) - (-1 - -4)
-14
17 - 21 - (0 - (2 - -25))
23
What is 9 - -2 - (7 - (0 + 2 - 2))?
4
2 + (-11 - -3 - -25)
19
10 - 23 - -38 - 24
1
What is -19 - (-27 + 4 + 17)?
-13
Calculate -2 + (-22 - (45 - 82)).
13
Evaluate -27 + (23 - (-44 + 62)).
-22
Evaluate -1 + (11 - (-3 - -8)) - 13.
-8
What is the value of -4 + -1 - (8 - (-2 + 14))?
-1
What is the value of 191 + -163 + 7 + -66?
-31
Calculate (-11 - 3) + (-26 - -14).
-26
What is the value of -9 - (10 + -2 + -6 + -20)?
9
What is 11 + -10 + 35 + -9 - (7 - 1)?
21
Calculate -20 - (14 - 23) - -5.
-6
27 - -1 - (-6 + 17)
17
-721 + 720 - (39 + 1)
-41
What is -25 - (-13 + 6 + 0)?
-18
Evaluate 1 + 5 + (-8 - (5 + -11)).
4
What is 4 + (-20 - (8 - 13)) - 1?
-12
What is the value of -20 + -6 + 9 + 32?
15
Evaluate 7 + -7 + (0 - (-13 + 7)).
6
What is (-6 - (21 - 11)) + (-8 - 1)?
-25
Evaluate (1040 - 1046) + (-1 - -3 - -1).
-3
What is the value of -3 + 3 + (-129 - -122)?
-7
What is the value of -9 + 2 - (392 - 369)?
-30
Calculate 0 + (4 - 1) + 20 + -36.
-13
Calculate 19 - (5 - (-14 + 12)).
12
What is the value of -9 + 11 + (18 + -10 - (1 - 0))?
9
Evaluate 24 - (-12 - (-9 - 8)) - -4.
23
-5 + 240 + -237 + 0 + 1
-1
Evaluate -3 - (0 + 11 + -2).
-12
What is the value of -11 + (15 - (35 - 17) - 4)?
-18
What is the value of 1 + 3 + -11 + 0 + 1?
-6
What is the value of -37 - ((-28 - -4) + 24 + (-1 - 3))?
-33
What is -1 - 13 - (12 + -26)?
0
(8 + -13 - (-7 + -1)) + -10 - -3
-4
What is the value of -4 + (2 + 5 - (-37 - -36))?
4
Calculate (10 - (-1 - -3)) + -4.
4
Evaluate -10 - (-11 + 2) - (-1 - -12).
-12
What is the value of -11 - (4 + -18 + (-7 - -17))?
-7
Calculate -28 + 8 - (3 - (-22 + 13)).
-32
144 + -129 + -1 + -3 + -18 + 22
15
What is -20 + (-17 - -17) + 35?
15
What is 23 - (-2 - 2) - (-68 + 77)?
18
What is -11 - (4 + -22 - -9)?
-2
-14 + (-9 - (2 + -5)) + 11
-9
Evaluate 27 + (-17 - (-1 + 12)).
-1
Calculate -18 + -4 + 8 + -6 + 4.
-16
Calculate -38 - -36 - -45 - 16.
27
(0 - -1) + 6 - (20 - (-49 - -43))
-19
What is the value of -13 + (-8 - -14) + -7 + -3?
-17
Evaluate -3 + 4 + -10 + -3.
-12
What is the value of -3 + 7 + (8 - (-5 - -5)) + -6?
6
What is (-8 + 18 - -4 - 8) + 3 + -4?
5
Evaluate (2 - 4) + 7 + -4 + 7.
8
Calculate (0 - (-1 - -1)) + -229 + 214 + -7.
-22
Calculate 3 - (18 - 18 - 8).
11
What is the value of 11 - (-4 - -1 - (4 + -11))?
7
Calculate -5 + -2 - (478 - 490).
5
Calculate (17 - (2 + -3)) + (-4 - (-23 + 26)).
11
1 + 2 + 17 + -9 + 5
16
-1 + -17 + 4 - -23
9
3 + 10 - (-6 - (-18 - -11))
12
Evaluate 18 - (-11 + (41 - (21 + -4))).
5
What is the value of (-2 - 22) + (-9 + 17 - -4) + -2?
-14
Evaluate -2 + 3 + -2 - 1 - -7.
5
What is the value of (1 - -3) + 1 + -13?
-8
Calculate 12 - 4 - (22 + (-4 - -17)).
-27
Calculate (23 - -15) + -36 + (5 + 0 - -1).
8
Evaluate (2 - 2) + 18 - (960 - 914).
-28
Evaluate -3 - ((-16 - 15) + 14).
14
31 + (-8 - 26) - (-1 + -14)
12
What is the value of 11 + 2 + (-4 - (3 - 10) - 12)?
4
What is the value of -9 - (-11 - -28 - 59)?
33
What is the value of 5 + ((-31 - -17) + 20 - 20)?
-9
Evaluate (8 - -14) + (-4 - (-5 + -2)) + -5.
20
What is the value of (-30 - -42) + 2 + -2?
12
Calculate 12 + 19 + -33 + 4.
2
What is 4 - (-15 - -22) - -5?
2
What is the value of 5 + (2 - 8) - (3 - 3)?
-1
40 - 30 - (-2 + (-1 - -6) - 15)
22
(38 - 18) + -22 - 16
-18
What is the value of -13 + (-11 + 6 - (-26 + 23))?
-15
Calculate -13 - (6 + (3 - 12)).
-10
What is 0 + 11 - (-8 - (10 + -27))?
2
What is (6 - 17) + (-14 - -5)?
-20
What is 31 + -17 + -19 + 19?
14
Evaluate (-19 - -25) + 0 - -5.
11
What is the value of 13 - (-2 + 11 + 13)?
-9
What is (21 - 19) + -8 + -1?
-7
What is 19 + -10 + -9 + 5 + -10?
-5
What is the value of -12 + -3 + 3 + 9?
-3
Evaluate -15 - (8 + (-22 - -8)).
-9
Evaluate -7 + 1 - 17 - (-7 - 7).
-9
What is the value of -16 + 23 - ((-16 + 8 - -25) + -8)?
-2
What is 11 + (13 - 10 - (19 + 2))?
-7
What is -24 - (52 + -33 - 16)?
-27
-2 - -2 - (-2 - 6) - (11 + 5)
-8
What is -69 + 82 + (-8 - 3)?
2
What is the value of (4 - -1) + 68 + -75?
-2
36 - (17 + 29 + -3)
-7
What is 32 + -13 + 0 + -4?
15
6 + 24 + -16 + 0
14
Evaluate 0 + -21 + 7 - 0.
-14
Calculate 3 + (-1 - 7 - (-425 - -426)).
-6
What is the value of -2 + (-5 - (-3 + 6)) - (-8 - -3)?
-5
What is the value of 8 + -20 + -5 + -3?
-20
Evaluate 0 + 0 - (-75 - -66).
9
What is the value of 7 + -19 - -8 - (-14 - (-2 + 1))?
9
What is the value of -16 + (1 - 2) - (-11 - 4 - -9)?
-11
Calculate (-1 + (2 - 0) - 0) + 181 + -187.
-5
What is the value of -82 + 88 - (7 + -1) - 8?
-8
Evaluate -3 + 7 - (7 + -5 - 1).
3
-16 - (4 - -6) - -32
6
What is (-6 - 9) + 18 + -2?
1
What is (5 - (1 - -1)) + 2 + (-233 - -227)?
-1
Evaluate (-10 - (-6 + -11)) + 0 + -9.
-2
5 + -5 + 0 - (1 + -7 - -7)
-1
Calculate 18 - (-15 + 20) - (1 - -5).
7
(9 - (1 + 28) - (-2 + -4)) + 6
-8
-23 + 3 + 12 + 6 + -4
-6
1 + -7 + (131 - 107)
18
What is 44 + 1 + -659 + 650?
36
What is -34 + (18 - 4) - (-3 - (-5 - -2))?
-20
Evaluate (-23 - -2) + 1 + -10 + -5.
-35
Calculate 10 - ((2 + -11 - -10) + 1 + 0).
8
What is the value of (-6 - (4 + (-5 - -1) - 13)) + -22?
-15
Evaluate 0 + 16 + (-5 - -13) + 6.
30
(-37 - (-9 + 15)) + 18
-25
Calculate -13 + (-36 - -12 - -8).
-29
What is the value of -6 + 28 - (-17 - -5 - -5)?
29
(-104 - -97) + (10 - 1) + -6
-4
What is -12 - (-3 + 8 + -12) - -1 - 5?
-9
What is 7 - ((7 - -24) + -8)?
-16
Calculate 12 - (16 - (4 + 1)).
1
Evaluate 10 - ((-13 - -8) + 22).
-7
Calculate 17 + (-27 - (-19 - -1)) - (2 + -14).
20
Calculate -6 + 28 + -6 + -14 + 13.
15
What is -120 - -126 - (9 - 7)?
4
What is -17 + -5 + (19 - 3)?
-6
Evaluate 24 + 10 + (-29 - -12) + 9 + -12.
14
What is the value of -18 + -7 + 15 - 19 - -4?
-25
Calculate 9 - (9 + (-1 - 5) + 0) - 25.
-19
Calculate 0 - (8 + (-4 - -1)) - (34 + -38).
-1
Calculate -1 + (5 - 4) - -17 - (0 + 2).
15
-12 - (-14 - (3 - 3) - (8 - 17))
-7
Evaluate (23 - (25 - -11)) + -7.
-20
What is the value of -10 + 0 + 0 + 31 + 35 + -36?
20
-10 + -11 + (-12 - -19)
-14
Calculate 36 + -49 + 28 + -14.
1
What is (-3 - (-7 - (0 + (-1 - -1)))) + 6?
10
Calculate (-22 - 5 - -40) + -35.
-22
(-10 - (1 - 1)) + (-7 - -6)
-11
What is 6 + (35 - 57) + (-4 - 1)?
-21
3 + -11 + (-4 - -7 - -26)
21
What is 3 + (-1 + 6 + -13 - (13 + -42))?
24
What is the value of -16 + (-4 - (-19 + 5))?
-6
21 - (10 - (-18 - -14))
7
What is -93 - -105 - (4 + -13 + 4)?
17
Evaluate 0 - 0 - (-21 + 15 - -24).
-18
Evaluate 10 - 14 - (-5 + -1 + -3).
5
What is (7 - 5) + -12 + -14?
-24
Evaluate (6 - -1) + (3 + 0 - 1).
9
Evaluate -3 + -7 - (11 + -15).
-6
Calculate -1 + 2 + 0 + -3 + -11 + 24.
11
3 + 3 + -4 - (29 + -27)
0
What is the value of 71 - 75 - (10 + (0 - 0))?
-14
Evaluate (0 - -2 - (2 - 2)) + -3.
-1
Evaluate -11 + 1 + 2 + -8 + (2 - -3).
-11
Evaluate 2 - (15 - (-8 - -3 - (15 - 27))).
-6
Calculate 6 - (-32 - (6 - 21 - 4)).
19
What is the value of 4 - (0 + -3 - (-18 + 24))?
13
What is the value of -32 - (-27 + (-58 - -34))?
19
(73 - (21 - 12)) + -30
34
-10 - 0 - (142 + -148)
-4
What is the value of -122 + 126 - (-3 + 0 - -6)?
1
Calculate 468 - 485 - (1 + -37).
19
What is (46 - (-90 + 87 - (-2 - 8))) + -11?
28
What is the value of 8 + (40 - 36 - (-2 - (-2 + 0)))?
12
What is the value of -27 - (-1 + 1 + -7 + 1 + 1)?
-22
What is 2 + 1 - (69 + -60)?
-6
-5 + 13 + -1 + (1 - -27)
35
Evaluate 0 - -11 - (-9 + 8 + 1 - 0).
11
(11 - (-10 - -8)) + -16 - (0 - 1)
-2
Calculate (10 - 7 - 1) + -4 - -4.
2
What is the value of -6 + -23 - (-47 + 30)?
-12
4 - 46 - -19 - -16
-7
-3 - 1 - (5 + 10)
-19
What is (4 - 19) + 152 + -123?
14
Calculate -8 - 13 - -22 - (-3 - (-3 - 19)).
-18
Evaluate 9 - (3 - (4 + -7)).
3
What is the value of 4 + 5 + (-16 - -10)?
3
Evaluate 9 + 6 - 0 - (-3 + 3 + 1).
14
Evaluate -7 + (-14 - (-5 + -12)).
-4
Calculate -7 + 0 - ((-10 + -5 - 2) + 2).
8
Evaluate 0 + 6 + (-8 - -6) + 6 + -4.
6
What is (-24 - 57) + 64 + (40 - 1)?
22
(-16 - (-5 + -9) - (-2 - 0)) + 7
7
What is (17 + -31 - 1) + -8 + 10?
-13
-4 - (-1 + -1 + -4 + 34 + -31)
-1
What is the value of (9 - 6) + (2 - (2 + 0 - 0))?
3
Calculate (5 + 0 - -15) + -4 + -4.
12
0 + (54 + -12 - 16) + 3
29
Calculate 11 + -2 + (-133 - -134).
10
Calculate (-7 - ((-13 - 1) + 6